Suppose -7*t + 2*t = -u*t. Suppose 4*v - 9 = -q, 0*q - 3*q + 4*v + 91 = t. Is q a composite number?
True
Is -6*3/(-6) + 17 + 502494 prime?
False
Suppose 5*d - 4*p = 1935343, 0 = 1432*p - 1433*p + 3. Is d a prime number?
True
Let z(h) be the third derivative of -155*h**4/12 - 13*h**3/6 + 343*h**2. Suppose q - k = -3*q - 18, -q - 3*k - 11 = 0. Is z(q) prime?
False
Let w(g) = -51197*g + 1401. Is w(-8) a prime number?
False
Let o = 143 - 121. Suppose 4*l + 2 = 5*f - 6, 4*f + 2*l - o = 0. Is 2 - (-4)/(f/5433) a prime number?
False
Let p(b) = b**3 - 6*b**2 + 10*b + 4. Let w = 80 - -13. Suppose 3*c + 21 = 3*d, -5*d - 38 + w = 5*c. Is p(d) a prime number?
True
Let k = 108972 + -60757. Is k prime?
False
Let d(x) = x**3 + x**2 + 2*x - 6. Let a be d(0). Let k(w) = 195*w**3 + 6*w**2 - 3*w - 8. Let c(q) = -q**2 + 1. Let j(i) = a*c(i) - k(i). Is j(-1) composite?
True
Let f = 105965 + -71538. Is f prime?
False
Let t be (-7239)/6*170/(-17). Suppose -t - 9537 = -7*d. Is d a composite number?
True
Let v(s) = 71*s**2 + 12*s + 269. Is v(16) a prime number?
True
Suppose -4380 = -3*m - 3*s, m - s = 2*s + 1452. Let h = m - 289. Is h composite?
True
Let g(r) = -2*r**3 + 24*r**2 - 33. Let u(m) = -m**3 + 12*m**2 - 17. Let i(s) = -3*g(s) + 7*u(s). Is i(9) composite?
False
Let b be 14/(-10) - 9/15. Let f be b/(-6) - 2000/15. Is (158/(-4))/((f/70)/19) a prime number?
False
Is (2/2*10/(-4))/((-1215)/64944666) composite?
False
Let z(h) = 10*h - 40. Let b be z(5). Suppose -b*f + 15974 = 4*f. Is f prime?
False
Suppose 9 = -4*k + 41. Suppose -3*j - 5*t = -8, -k - 2 = -3*j - 4*t. Is ((-2716)/j)/((-4)/(-24)*-4) a composite number?
True
Suppose 231287 - 20107 = 20*o. Is o composite?
False
Let g be 9/3 + (-6526)/(2 + -1). Let j = g + 9366. Is j composite?
False
Is (1 - -18) + (172 - -155462) composite?
False
Let c(v) = 3*v + 8. Let o be c(-2). Suppose -7*d + o*d = 0. Suppose d*k - 2*k + 802 = 0. Is k composite?
False
Let s(i) = 40*i**2 - 18*i - 18. Let w be s(-7). Is 18/24 - w/(-16) - 3 a composite number?
False
Suppose -u - 5*j - 3 = 0, -2*u + j = -u + 3. Is 738 + (-1)/3*u prime?
True
Is ((-36)/(-9) - (1 + 102914))/(9/(-9)) a prime number?
True
Suppose 0 = -75*c - 14*c + 22339. Is c prime?
True
Let j(t) be the third derivative of 3*t**4/8 - 7*t**3/6 - 35*t**2. Let q be j(0). Let o(y) = -y**3 + 16*y**2 + 12*y. Is o(q) a composite number?
True
Let d(j) = -6*j**2 + 3*j + 2. Let y be d(-1). Let n(f) = -9*f + 17. Let z be n(y). Let k = z + 9. Is k a composite number?
False
Suppose 5*j - 3*d - 34 = 0, 11 = 2*j - 3*d - 8. Let k = 945 - 588. Suppose 0 = 4*f + y - 581, 5*f + j*y - 373 - k = 0. Is f composite?
True
Suppose -1135165 - 604831 = -131*t - 352837. Is t composite?
False
Let o = -237099 + 430024. Suppose 101171 = 48*p - o. Is p a prime number?
False
Suppose -44*n + 12*n = 22*n - 1229526. Is n a prime number?
True
Let g(j) = -j**3 + 2*j**2 + 28*j - 21. Let f be g(6). Suppose 9*n - p + 5134 = 14*n, 3*n = f*p + 3084. Is n composite?
True
Let o(v) = v**3 + 6*v**2 - 7. Let h be o(-4). Suppose h*g = 31*g - 1842. Is g composite?
False
Suppose -5*o + 5*x = -109725, 0 = 241*o - 239*o + x - 43878. Is o a prime number?
False
Let o(s) = s**3 - 8*s**2 - 21*s + 12. Let n = -24 - -34. Let j be o(n). Suppose 4*d + j*d = 43854. Is d a prime number?
True
Let r = 314808 + -120949. Is r prime?
True
Suppose 3*w - 3*m + 74116 = 13672, 0 = -3*w - m - 60440. Let f = w - -30342. Is f composite?
True
Suppose 3*l = x - 63 + 4, 0 = -l - 4*x - 37. Is -4 - 5490/l - (-9)/(-21) prime?
True
Let q = 22647 - -30201. Suppose -4*z + 2*b + b = -52838, 4*z = -2*b + q. Is z a composite number?
True
Let o(u) = 3*u**3 - 2*u**2 - 3. Let s be o(2). Suppose 24*l = s*l + 47058. Suppose 5*g = 4*n - l, 0 = 9*n - 4*n + 2*g - 5331. Is n composite?
True
Let q be (-8)/(-68) + (-83)/(-17). Suppose q*h = -10*h + 45. Let m = 2434 + h. Is m prime?
True
Suppose -5*w + 2*q = -8720, -3*w - 2*q + 5206 = 2*q. Suppose 7*u - w = -118. Suppose 0 = b - u + 21. Is b prime?
True
Let m = 1034581 - -17428. Is m prime?
False
Let o(u) = 18872*u - 90. Let k be o(-5). Is 1 + (-16)/6 - k/15 a prime number?
False
Let r = 8950 - 2831. Let d = 9508 - r. Is d composite?
False
Let q(t) = 432*t + 1. Let r be q(-4). Let d be ((-5)/5)/((-1)/r). Is 2/(-5) + d/(-55) prime?
True
Suppose 13*a - 13572 - 13883 = 658607. Is a composite?
True
Let a(c) be the first derivative of -22*c + 10/3*c**3 - 21 - 4*c**2. Is a(10) composite?
True
Let v(d) = 0*d + d + 4*d + 12. Let u be v(0). Suppose 0 = -u*r + 2214 + 5358. Is r a composite number?
False
Suppose -5*n = -3*n - 3814. Let i = 828 + n. Is i a composite number?
True
Suppose 2*b - 69653 = 19279. Suppose -23*j + b = -17*j. Is j a composite number?
False
Let q be (-35)/20 - 930735/12. Let u = -48090 - q. Is u composite?
False
Suppose -30*m = 17*m + 20*m - 4748357. Is m a prime number?
False
Let h(l) = -176*l - 15. Let o(t) = 7*t - 41. Let b be o(7). Let c = -9 - b. Is h(c) a composite number?
True
Suppose 5*w + 4*d = w + 8, 0 = 4*w - 5*d - 44. Suppose 4*i - 2*h = 14, -5*h - w + 1 = 5*i. Suppose i*q - 93 = 669. Is q a prime number?
False
Let c(y) = -2*y**3 - 13*y**2 + 13*y - 30. Let g(v) = 3*v**3 + 19*v**2 - 18*v + 45. Let o(s) = -7*c(s) - 5*g(s). Let r = 9 - 16. Is o(r) prime?
True
Suppose 4*r - 3259383 = -3*q, 32*r = 4*q + 30*r - 4345844. Is q a prime number?
True
Let i = 2013450 - 939959. Is i prime?
True
Suppose -t + 3599 = -3*q, 5*q + 2597 = 4*t - 3399. Let o(f) = 125*f - 264. Let d be o(19). Let x = q + d. Is x a composite number?
False
Let y(j) = 13*j**2 - 19*j + 14. Let p(i) = -11*i**2 + 18*i - 15. Let f(m) = 6*p(m) + 5*y(m). Let s be f(11). Let l(x) = 3129*x - 11. Is l(s) prime?
True
Let d(s) = 8940*s + 70. Let u be d(7). Suppose 6*y = y + 3*p + u, 4*p = y - 12547. Is y a prime number?
True
Suppose 0 = -10*c + 15*c + 35. Let h be (-30)/(1 + c) + 0. Let u(j) = 38*j**2 - 7*j + 6. Is u(h) a composite number?
True
Suppose 5*p + 1 = t, -3 = -4*t + t. Suppose 3*l + 8 + 1 = p, 0 = -2*q + 4*l + 4886. Is q composite?
False
Suppose i = 4*c - 564838, 0 = -2*c + 4*i + 197783 + 84643. Is c a prime number?
True
Suppose -60590 = 7*l - 502003. Is l composite?
False
Suppose -5*t + 9*b + 261817 = 11*b, -4*b = 2*t - 104746. Is t a composite number?
False
Let o(s) = -s**2 - 10*s - 9. Let y be o(-9). Suppose -4*c + 2*c + 117488 = y. Is c/84*3/2 a prime number?
True
Let s = -24288 + 39815. Let q = -10026 + s. Is q a prime number?
True
Let c(q) = q**2 + 15*q + 33. Let v be c(-17). Let g = -48 + v. Let y = g - -412. Is y a composite number?
False
Is (-8368)/(-3) + (5 - 32/6) a prime number?
True
Suppose -x - 5*z + 43360 + 42099 = 0, 3*x = 3*z + 256413. Is x a composite number?
False
Suppose -3*p = 3*b + 140 + 91, 4*p + 2*b = -302. Let w = p + 84. Let h(s) = 14*s**2 + 21*s - 27. Is h(w) composite?
False
Suppose -3*g + 4*g = 4*w + 2, -19 = -4*g + 5*w. Suppose g = -4*y + y. Is 1*7394/(-4)*y prime?
True
Let f(w) be the second derivative of 647*w**4/12 - w**3/6 + w**2/2 + 27*w. Is f(1) a composite number?
False
Let l(t) = 705*t**3 - 4*t**2 + 3*t - 9. Let i be l(2). Suppose -6*x + 3445 + i = 0. Is x a prime number?
True
Suppose -33*h + 270416 - 32585 = 0. Is h a composite number?
False
Let j(g) = 725*g**2 + 33*g + 17. Let s be j(-4). Let y = -4082 + s. Is y a composite number?
True
Let f(w) = 4874*w + 98. Let q be f(-3). Is ((q/6)/2)/((-9)/27) prime?
True
Suppose 48*s = 46*s + 8. Suppose 4*t - 3548 = -s*d, 5*t = -3*d + 1929 + 728. Let n = d - -934. Is n a prime number?
True
Suppose -24*n + 1627942 + 25154 = 0. Is n a prime number?
True
Let t(o) = 29*o - 26. Let m be t(7). Let s = m - -700. Is s a composite number?
False
Let b(m) = 30*m**2 + 2*m + 2. Let r be b(-1). Let h be (-10)/r - (-580)/(-6). Let i = h - -266. Is i composite?
True
Let j = 89988 + -53335. Is j a composite number?
False
Let c(k) = 397*k - 5. Let h(w) = -w**2 + 2*w + 7. Let v be h(3). Is c(v) composite?
False
Suppose -30*s = -22*s - 43152. Suppose 7*j - 3*m = 2*j + 8956, -3*j - 5*m + s = 0. Is j composite?
True
Let x = 169 - 89. Is x/12 - 7 - 39644/(-6) prime?
True
Let b(j) = 6*j + 7 + 6*j**2 + 13*j**2 + 9*j. Suppose x + 618 = 608. Is b(x) a composite number?
True
Suppose -34*y + 4247 = 136167. Let o = y + 5933. Is o composite?
False
Suppose 9*s - 11*s + 60066 = 4*y, 5*s